{"id":139,"date":"2017-12-21T20:07:49","date_gmt":"2017-12-21T19:07:49","guid":{"rendered":"http:\/\/www2.droit.parisdescartes.fr\/master-JAI\/?page_id=139"},"modified":"2018-05-12T02:47:53","modified_gmt":"2018-05-12T00:47:53","slug":"objectifs-de-la-formation","status":"publish","type":"page","link":"http:\/\/www2.droit.parisdescartes.fr\/master-JAI\/?page_id=139","title":{"rendered":"Formation"},"content":{"rendered":"<div class=\"row \"><div class=\"wpv-grid grid-1-1  wpv-first-level first unextended animation-from-left animated-active\" style=\"padding-top:0px;padding-bottom:0px\" id=\"wpv-column-db70e3373e760e332ed5714ada57a0c4\" ><div class=\"row \"><div class=\"wpv-grid grid-1-1  first unextended\" style=\"padding-top:0px;padding-bottom:0px\" id=\"wpv-column-5f02ca6bc3f3bd9f8bd27c0e44555d62\" ><div class=\"push\" style='height:45px'><\/div>\n<h1 style=\"text-align: center;\"><span style=\"color: #800000;\">\u00a0Formation<\/span><\/h1><\/div><\/div>\n<div class=\"sep\"><\/div>\n<div class=\"row \"><div class=\"wpv-grid grid-1-1  first unextended\" style=\"padding-top:0px;padding-bottom:0px\" id=\"wpv-column-0f76dba054fd1d4fc9d20206647ef2fd\" ><div class=\"push\" style='height:15px'><\/div><\/div><\/div><\/div><\/div>\n<div class=\"row \"><div class=\"wpv-grid grid-1-1  wpv-first-level first unextended\" style=\"padding-top:0px;padding-bottom:0px\" id=\"wpv-column-439ec8383a65b484a1e4e49963bb434d\" ><div class=\"push\" style='height:10px'><\/div>\n<!-- Final Tiles Grid Gallery for WordPress v3.5.6 free --><style>#ftg-3232 .tile .icon { color:#ffffff; }#ftg-3232 .ftg-items .loading-bar i { background:#666; }#ftg-3232 .ftg-items .loading-bar { background:#fff; }#ftg-3232 .tile .icon { font-size:12px; }#ftg-3232 .tile .icon { margin: -6px 0 0 -6px; }#ftg-3232 .tile .caption-block .text-wrapper span.text { font-size:12px; }#ftg-3232 .tile .caption-outside .text-wrapper span.text { font-size:12px; }#ftg-3232 .tile .caption-block .text-wrapper span.title { font-size:14px; }#ftg-3232 .tile .caption-outside .text-wrapper span.title { font-size:14px; }#ftg-3232 .tile { background-color: transparent; }#ftg-3232 .tile .caption-block .text-wrapper span.text { color: #ffffff; }#ftg-3232 .tile .caption-block .text-wrapper span.title { color: #ffffff; }#ftg-3232 .tile .caption-outside .text-wrapper span.text { color: #ffffff; }#ftg-3232 .tile .caption-outside .text-wrapper span.title { color: #ffffff; }#ftg-3232 .tile .ftg-social a { color: #ffffff; }#ftg-3232 .tile { border-radius: 4px; }#ftg-3232 .tile { box-shadow: #999999 0px 0px 35px; }#ftg-3232 .tile .caption-block { transition-timing-function:ease; }#ftg-3232 .tile .caption-block { transition-duration:0.25s; }#ftg-3232 .tile .tile-inner:before { background-color: #aac3dd; }#ftg-3232 .tile .tile-inner:before { background-color: rgba(170, 195, 221, 0); }#ftg-3232 .tile:hover img {-moz-transform: ;-webkit-transform: ;-o-transform: ;-ms-transform: ;transform: ;}.final-tiles-gallery { margin:auto; }<\/style><a name='32'><\/a><div class='final-tiles-gallery  ftg-hover-enabled caption-inside  caption-none caption-middle caption-center' id='ftg-3232' style='width:30%'><div class='ftg-items'><div class='loading-bar'><i><\/i><\/div><div  class='tile ftg-preload  '><a title=\"\" data-lightbox='ftg-3232' rel='ftg-3232'  class=' tile-inner  ftg-lightbox' href='http:\/\/www2.droit.parisdescartes.fr\/master-JAI\/wp-content\/uploads\/2018\/05\/XxjwnmE005005_20150829_BNMFN0A001_11n.jpeg' ><img alt='' class='item skip-lazy' data-class='item' data-ftg-source='http:\/\/www2.droit.parisdescartes.fr\/master-JAI\/wp-content\/uploads\/2018\/05\/XxjwnmE005005_20150829_BNMFN0A001_11n.jpeg' src='http:\/\/www2.droit.parisdescartes.fr\/master-JAI\/wp-content\/uploads\/2018\/05\/XxjwnmE005005_20150829_BNMFN0A001_11n.jpeg' width='600' height='383' \/><\/a><div class='ftg-social'><\/div><\/div><\/div><\/div><script type='text\/javascript'>jQuery('#ftg-3232 img.item').removeAttr('src');jQuery(document).ready(function () {setTimeout(function () {jQuery('#ftg-3232').finalTilesGallery({minTileWidth: 250,margin: 0,loadMethod: 'sequential',nonce: '04f5c1789f',galleryId: '32',setupFilters: true,layout: 'columns',debug: false,gridSize: 25,disableGridSizeBelow:800,allowEnlargement: true,columns: [[4000, 1],[1024, 0],[800, 0],[480, 0],[320, 0]],selectedFilter: 'n-a'});jQuery(function () {(function () {var rel = '';jQuery('#ftg-3232 .ftg-lightbox').click(function (e) {rel = jQuery(this).attr('rel');jQuery('#ftg-3232 .ftg-current').removeClass('ftg-current');jQuery('#ftg-3232 [rel=\"'+rel+'\"]').addClass('ftg-current');});})();});}, 0);});<\/script><br \/>\n<div class=\"push\" style='height:28px'><\/div><\/div><\/div>\n<div class=\"row \"><div class=\"wpv-grid grid-1-1  wpv-first-level first has-background extended animation-from-top animated-active\" style=\"background-color:#fbfafa;padding-top:0px;padding-bottom:0px\" id=\"wpv-column-cda44fc992cd84eca501b17fb5ac42d0\" ><div class=\"extended-column-inner\"><style>#wpv-column-cda44fc992cd84eca501b17fb5ac42d0 p,#wpv-column-cda44fc992cd84eca501b17fb5ac42d0 em,#wpv-column-cda44fc992cd84eca501b17fb5ac42d0 .column-title,#wpv-column-cda44fc992cd84eca501b17fb5ac42d0 .sep-text h2.regular-title-wrapper,#wpv-column-cda44fc992cd84eca501b17fb5ac42d0 .text-divider-double,#wpv-column-cda44fc992cd84eca501b17fb5ac42d0 .sep-text .sep-text-line,#wpv-column-cda44fc992cd84eca501b17fb5ac42d0 .sep,#wpv-column-cda44fc992cd84eca501b17fb5ac42d0 .sep-2,#wpv-column-cda44fc992cd84eca501b17fb5ac42d0 .sep-3,#wpv-column-cda44fc992cd84eca501b17fb5ac42d0 td,#wpv-column-cda44fc992cd84eca501b17fb5ac42d0 th,#wpv-column-cda44fc992cd84eca501b17fb5ac42d0 caption{color:#896d6d;}#wpv-column-cda44fc992cd84eca501b17fb5ac42d0:before{background-color:transparent;}<\/style><div class=\"row \"><div class=\"wpv-grid grid-1-1  first unextended\" style=\"padding-top:0px;padding-bottom:0px\" id=\"wpv-column-8a9699fcc49936a67e44cc9e91982efa\" ><div class=\"push\" style='height:5px'><\/div>\n<h2 style=\"text-align: center;\">Vid\u00e9o de pr\u00e9sentation du Master 2 JAI par<br \/>\n<div class=\"push\" style='height:4px'><\/div>\n<span style=\"color: #800000;\">la <strong>directrice de la formation<\/strong><\/span><\/h2><\/div><\/div>\n<div class=\"row \"><div class=\"wpv-grid grid-3-5  first unextended\" style=\"padding-top:0px;padding-bottom:0px\" id=\"wpv-column-b13ebc74bfcca200e374ab6fad18a230\" ><div class=\"push\" style='height:20px'><\/div>\n<div align=\"center\"><iframe loading=\"lazy\" src=\"https:\/\/www.youtube.com\/embed\/Hfw5nOFK3nU\" width=\"560\" height=\"315\" frameborder=\"0\" allowfullscreen=\"allowfullscreen\"><\/iframe><\/div>\n<div class=\"push\" style='height:45px'><\/div><\/div>\n<div class=\"wpv-grid grid-2-5  unextended\" style=\"padding-top:0px;padding-bottom:0px\" id=\"wpv-column-cbec37e47b562ea9e45c1566c75fe1a8\" ><div class=\"push\" style='height:6px'><\/div>\n<h2 style=\"text-align: center;\"><span style=\"color: #c40000;\">Madame le Professeur<br \/>\n<strong>Olivera Boskovic<\/strong><\/span><\/h2>\n<h3 style=\"text-align: center;\"><strong>Agr\u00e9g\u00e9e des Facult\u00e9s de droit<\/strong><br \/>\n<div class=\"push\" style='height:1px'><\/div>\nProfesseur de droit priv\u00e9<br \/>\n\u00e0 l&rsquo;Universit\u00e9 Paris Descartes<\/h3>\n<h4 style=\"text-align: center;\"><em>Domaine de recherche : droit international priv\u00e9, droit du commerce international, etc.<\/em><\/h4>\n<div class=\"push\" style='height:1px'><\/div>\n<p class=\"textcenter\"><a href=\"http:\/\/recherche.parisdescartes.fr\/cedag_esl\/Equipe\/Professeurs\/Olivera-BOSKOVIC\" target=\"_blank\" style='font-size: 12px;' class=\"button vamtam-button accent4  button-border hover-accent1 \"><span class=\"btext\">En savoir plus<\/span><\/a><\/p><\/div><\/div><\/div><\/div><\/div>\n<div class=\"row \"><div class=\"wpv-grid grid-1-1  wpv-first-level first extended\" style=\"padding-top:0px;padding-bottom:0px\" id=\"wpv-column-1dee1a7ef3b10b01fdb661e01d263274\" ><div class=\"extended-column-inner\"><div class=\"row \"><div class=\"wpv-grid grid-1-2  first unextended\" style=\"padding-top:0px;padding-bottom:0px\" id=\"wpv-column-d334ac7d945fbb163ec56f935c5369d6\" ><div class=\"row \"><div class=\"wpv-grid grid-1-1  first unextended\" style=\"padding-top:0px;padding-bottom:0px\" id=\"wpv-column-1d981db3be0a0ab39b82ce56d8f425f4\" ><div class=\"push\" style='height:20px'><\/div>\n<h2 style=\"text-align: center;\">Organisation des \u00e9tudes<\/h2>\n<h3 style=\"text-align: center;\"><div class=\"push\" style='height:8px'><\/div><\/h3>\n<h3 style=\"text-align: center;\"><span style=\"color: #800000;\"><strong>Dur\u00e9e<\/strong><\/span> : 320 heures\u00a0<span style=\"color: #808080;\">(175h au S1 \u2022 145h au S2)<\/span><\/h3>\n<h3 style=\"text-align: center;\"><div class=\"push\" style='height:5px'><\/div><\/h3>\n<h3 style=\"text-align: center;\"><span style=\"color: #800000;\"><strong>Nombre de places<\/strong><\/span> : 20-25<\/h3>\n<h3 style=\"text-align: center;\"><div class=\"push\" style='height:5px'><\/div><\/h3>\n<h3 style=\"text-align: center;\"><span style=\"color: #800000;\"><strong>D\u00e9but des enseignements<\/strong><\/span> :<br \/>\n<strong>Semestre 1<\/strong> : D\u00e9but Octobre 2017 \u00e0 Janvier 2018<br \/>\n<strong>Semestre 2<\/strong> : Janvier 2018 \u00e0 fin Mars 2018<\/h3>\n<h3 style=\"text-align: center;\"><div class=\"push\" style='height:5px'><\/div><\/h3>\n<h3 style=\"text-align: center;\"><span style=\"color: #800000;\"><strong>Examens \u00e9crits et oraux<\/strong> <\/span>:<br \/>\nJanvier 2018 ou Avril 2018 selon les mati\u00e8res<\/h3><\/div><\/div><\/div>\n<div class=\"wpv-grid grid-1-2  unextended\" style=\"padding-top:0px;padding-bottom:0px\" id=\"wpv-column-c9972fe735ce7de578b2aaf40b6a8bef\" ><div class=\"row \"><div class=\"wpv-grid grid-1-1  first unextended\" style=\"padding-top:0px;padding-bottom:0px\" id=\"wpv-column-80b988d4e73398475077bd5ba62c6e86\" ><div class=\"push\" style='height:20px'><\/div>\n<h2 style=\"text-align: center;\">Perspectives de carri\u00e8re<\/h2>\n<h3 style=\"text-align: center;\"><div class=\"push\" style='height:10px'><\/div>\nLes \u00e9tudiants assistant \u00e0 cette formation peuvent s\u2019orienter vers une <strong>carri\u00e8re d\u2019avocat<\/strong>, concr\u00e9tis\u00e9e par l\u2019examen du CRFPA, mais aussi une <strong>carri\u00e8re plus acad\u00e9mique<\/strong>, d\u00e9bouchant sur un doctorat en droit international des affaires.<br \/>\n<div class=\"push\" style='height:10px'><\/div>\nPlusieurs organismes ext\u00e9rieurs \u00e0 l\u2019Universit\u00e9 Paris-Descartes apportent leur concours dans le cadre du Master 2 JAI, notamment comme <strong>structure d\u2019accueil possible<\/strong> pour les \u00e9tudiants d\u00e9sirant <strong>effectuer un stage<\/strong> : cabinets d&rsquo;avocats, entreprises priv\u00e9es, organismes internationaux publics (OECD-OCDE, Commission europ\u00e9enne), etc.<\/h3><\/div><\/div><\/div><\/div>\n<div class=\"row \"><div class=\"wpv-grid grid-1-1  first unextended\" style=\"padding-top:0px;padding-bottom:0px\" id=\"wpv-column-1f2fc2b7cf46c64455fa5febef655ec7\" ><div class=\"row \"><div class=\"wpv-grid grid-1-1  first unextended\" style=\"padding-top:0px;padding-bottom:0px\" id=\"wpv-column-a7e7f9a49ea1ad47b45e296f51a79ccd\" ><div class=\"push\" style='height:35px'><\/div>\n<h2 style=\"text-align: center;\">Contr\u00f4le de connaissances<\/h2><\/div><\/div>\n<div class=\"row \"><div class=\"wpv-grid grid-1-2  first unextended\" style=\"padding-top:0px;padding-bottom:0px\" id=\"wpv-column-5774262102954fc0e05b741a87b20869\" ><div class=\"row \"><div class=\"wpv-grid grid-1-1  first unextended\" style=\"padding-top:0px;padding-bottom:0px\" id=\"wpv-column-4e046490ce9e3a0030d446e105a588f9\" ><h3 style=\"text-align: center;\"><span style=\"color: #800000;\">Parcours <strong>professionnel<\/strong><\/span><\/h3>\n<div class=\"push\" style='height:4px'><\/div>\n<h4 style=\"text-align: center;\">Chaque enseignement est valid\u00e9 par un <strong>\u00e9crit<\/strong> ou un <strong>oral<\/strong>.<br \/>\nLa notation peut inclure une <strong>note de contr\u00f4le continu<\/strong>,<br \/>\nrepr\u00e9sentant 50% de la note finale.<br \/>\n<div class=\"push\" style='height:8px'><\/div>\nChaque mati\u00e8re est <strong>not\u00e9e sur 20<\/strong>.<br \/>\n<div class=\"push\" style='height:15px'><\/div>\n<span style=\"color: #a30d0d;\">Le<strong>\u00a0stage<\/strong> peut \u00eatre <strong>effectu\u00e9 sur une p\u00e9riode de 2 \u00e0 6 mois<\/strong><br \/>\net le <strong>rapport de stage<\/strong> peut \u00eatre <strong>soutenu en Juin ou Septembre<\/strong>.<\/span><\/h4><\/div><\/div><\/div>\n<div class=\"wpv-grid grid-1-2  unextended\" style=\"padding-top:0px;padding-bottom:0px\" id=\"wpv-column-bfd18b7e4d914b19edc247b0905869f3\" ><div class=\"row \"><div class=\"wpv-grid grid-1-1  first unextended\" style=\"padding-top:0px;padding-bottom:0px\" id=\"wpv-column-66cc577dc0edff94d219d130f133766a\" ><h3 style=\"text-align: center;\"><span style=\"color: #800000;\">Parcours <strong>recherche<\/strong><\/span><\/h3>\n<div class=\"push\" style='height:4px'><\/div>\n<h4 style=\"text-align: center;\">Chaque enseignement est valid\u00e9 par un <strong>\u00e9crit<\/strong> ou un <strong>oral<\/strong>.<br \/>\nLa notation peut inclure une <strong>note de contr\u00f4le continu<\/strong>,<br \/>\nrepr\u00e9sentant 50% de la note finale.<br \/>\n<div class=\"push\" style='height:8px'><\/div>\nChaque mati\u00e8re est <strong>not\u00e9e sur 20<\/strong>.<br \/>\n<div class=\"push\" style='height:15px'><\/div>\n<span style=\"color: #a30d0d;\">Le <strong>m\u00e9moire<\/strong> peut \u00eatre <strong>soutenu en Juin ou Septembre<\/strong>.<\/span><\/h4><\/div><\/div><\/div><\/div>\n<div class=\"row \"><div class=\"wpv-grid grid-1-1  first unextended\" style=\"padding-top:0px;padding-bottom:0px\" id=\"wpv-column-cebe0000e6ceb968d9beea375d80a6d3\" ><div class=\"row \"><div class=\"wpv-grid grid-1-1  first unextended\" style=\"padding-top:0px;padding-bottom:0px\" id=\"wpv-column-da73fc0503ec37903257dc3854cb671e\" ><div class=\"push\" style='height:30px'><\/div>\n<h3 style=\"text-align: center;\"><span style=\"color: #800000;\"><strong>Commun aux parcours<\/strong> professionnel et recherche<\/span><\/h3>\n<div class=\"push\" style='height:4px'><\/div>\n<h4 style=\"text-align: center;\">Dans le cadre du semestre 2, <strong>les \u00e9tudiants doivent choisir une option<\/strong>, parmi lesquelles figurent :<\/h4>\n<div class=\"push\" style='height:4px'><\/div><\/div><\/div>\n<div class=\"row \"><div class=\"wpv-grid grid-1-1  first unextended\" style=\"padding-top:0px;padding-bottom:0px\" id=\"wpv-column-586c5325ee9d9249c78aa65f65ac1403\" ><div class=\"row \"><div class=\"wpv-grid grid-1-1  first unextended\" style=\"padding-top:0px;padding-bottom:0px\" id=\"wpv-column-3e3e1768e74cfa9e3453f290cce1e505\" ><h4 style=\"text-align: center;\"><span style=\"color: #247fff;\">Une mati\u00e8re choisie parmi les UE des<br \/>\n<strong>M2<\/strong> <\/span><span style=\"color: #247fff;\"><strong>Juriste d&rsquo;affaires,<\/strong><strong>\u00a0Juriste d&rsquo;affaires europ\u00e9en, Juriste fiscaliste<br \/>\net Banque et finance <\/strong><em><span style=\"color: #247fff;\">(Droit et r\u00e9gulation du syst\u00e8me bancaire et financier)<\/span><\/em><\/span><\/h4>\n<p class=\"textcenter\"><a href=\"http:\/\/www2.droit.parisdescartes.fr\/master-JAI\/wp-content\/uploads\/2018\/01\/Plaquettes-M2-mention-22Affaires22.pdf\" target=\"_blank\" style='font-size: 12px;' class=\"button vamtam-button accent5  button-filled hover-accent3 \"><span class=\"btext\">En savoir plus sur les mati\u00e8res des M2 mention \u00ab\u00a0Affaires\u00a0\u00bb<\/span><\/a><\/p>\n<div class=\"push\" style='height:10px'><\/div><\/div><\/div><\/div><\/div>\n<div class=\"row \"><div class=\"wpv-grid grid-1-2  first unextended\" style=\"padding-top:0px;padding-bottom:0px\" id=\"wpv-column-5fc7bb2a87fea8c9178c5d3986e0f637\" ><div class=\"row \"><div class=\"wpv-grid grid-1-1  first unextended\" style=\"padding-top:0px;padding-bottom:0px\" id=\"wpv-column-c266ff83b92aafec61e7986123f9dc4c\" ><h4 style=\"text-align: center;\"><span style=\"color: #247fff;\">L&rsquo;<strong>atelier de la Clinique juridique<\/strong><\/span><br \/>\n<span style=\"color: #247fff;\">de l&rsquo;Universit\u00e9 Paris-Descartes<\/span><\/h4>\n<p class=\"textcenter\"><a href=\"http:\/\/www2.droit.parisdescartes.fr\/master-JAI\/la-clinique-juridique\/\" target=\"_self\" style='font-size: 12px;' class=\"button vamtam-button accent5  button-filled hover-accent3 \"><span class=\"btext\">En savoir plus sur la Clinique juridique<\/span><\/a><\/p><\/div><\/div><\/div>\n<div class=\"wpv-grid grid-1-2  unextended\" style=\"padding-top:0px;padding-bottom:0px\" id=\"wpv-column-7d691c622656a21e05fa180fd1437d23\" ><div class=\"row \"><div class=\"wpv-grid grid-1-1  first unextended\" style=\"padding-top:0px;padding-bottom:0px\" id=\"wpv-column-6ff9a30d15a368f722fc21723f88d1b7\" ><h4 style=\"text-align: center;\"><span style=\"color: #247fff;\">La participation au <strong>Willem C. Vis International<\/strong><\/span><br \/>\n<span style=\"color: #247fff;\"><strong>Commercial Arbitration Moot<\/strong><\/span><br \/>\n<p class=\"textcenter\"><a href=\"http:\/\/www2.droit.parisdescartes.fr\/master-JAI\/le-willem-c-vis-international-commercial-arbitration-moot\/\" target=\"_self\" style='font-size: 12px;' class=\"button vamtam-button accent5  button-filled hover-accent3 \"><span class=\"btext\">En savoir plus sur le Concours international en arbitrage<\/span><\/a><\/p><\/h4><\/div><\/div><\/div><\/div><\/div><\/div><\/div><\/div><\/div><\/div><\/div>\n","protected":false},"excerpt":{"rendered":"<p>\u00a0Formation Vid\u00e9o de pr\u00e9sentation du Master 2 JAI par la directrice de la formation Madame le Professeur Olivera Boskovic Agr\u00e9g\u00e9e des Facult\u00e9s de droit Professeur de droit priv\u00e9 \u00e0 l&rsquo;Universit\u00e9 Paris Descartes Domaine de recherche : droit international priv\u00e9, droit du commerce international, etc. Organisation des \u00e9tudes Dur\u00e9e : 320 heures\u00a0(175h au S1 \u2022 145h&#8230;<\/p>\n","protected":false},"author":4,"featured_media":0,"parent":0,"menu_order":0,"comment_status":"closed","ping_status":"closed","template":"","meta":[],"_links":{"self":[{"href":"http:\/\/www2.droit.parisdescartes.fr\/master-JAI\/index.php?rest_route=\/wp\/v2\/pages\/139"}],"collection":[{"href":"http:\/\/www2.droit.parisdescartes.fr\/master-JAI\/index.php?rest_route=\/wp\/v2\/pages"}],"about":[{"href":"http:\/\/www2.droit.parisdescartes.fr\/master-JAI\/index.php?rest_route=\/wp\/v2\/types\/page"}],"author":[{"embeddable":true,"href":"http:\/\/www2.droit.parisdescartes.fr\/master-JAI\/index.php?rest_route=\/wp\/v2\/users\/4"}],"replies":[{"embeddable":true,"href":"http:\/\/www2.droit.parisdescartes.fr\/master-JAI\/index.php?rest_route=%2Fwp%2Fv2%2Fcomments&post=139"}],"version-history":[{"count":122,"href":"http:\/\/www2.droit.parisdescartes.fr\/master-JAI\/index.php?rest_route=\/wp\/v2\/pages\/139\/revisions"}],"predecessor-version":[{"id":1471,"href":"http:\/\/www2.droit.parisdescartes.fr\/master-JAI\/index.php?rest_route=\/wp\/v2\/pages\/139\/revisions\/1471"}],"wp:attachment":[{"href":"http:\/\/www2.droit.parisdescartes.fr\/master-JAI\/index.php?rest_route=%2Fwp%2Fv2%2Fmedia&parent=139"}],"curies":[{"name":"wp","href":"https:\/\/api.w.org\/{rel}","templated":true}]}}